2*c. Let w be p(-1). Let i be y(w). What is the highest common factor of i and 45?
9
Let f(q) = -2*q - 1. Let w be f(-4). Suppose 2*o + 45 = w*o. Calculate the greatest common divisor of 1 and o.
1
Let q = -198 + 201. What is the greatest common factor of 5 and q?
1
Suppose 0 = -3*n - 2*c + 58, 5*n + c - 2*c - 88 = 0. Let j = -4 - -1. Let d be j/(-5 + -1)*12. Calculate the highest common factor of n and d.
6
Let l = -21 + 96. Suppose 5*d - l = -20. Let y be (154/(-4))/(2/(-4)). Calculate the greatest common divisor of y and d.
11
Let g(f) = 44*f**3. Let d be g(1). What is the highest common divisor of 44 and d?
44
Let d be ((-192)/28)/(6/(-63)). Calculate the highest common divisor of 9 and d.
9
Let w(d) = -3*d**2 + 3*d + 3. Let c = 1 + 2. Let k be w(c). Let x be 1/(27/k - -2). Calculate the greatest common divisor of 55 and x.
5
Suppose 3*x - 19 - 131 = 0. Calculate the highest common divisor of x and 10.
10
Suppose 0 = -4*u + 118 - 22. Let d = -3 - -6. Let g be 34 + d - 1 - 0. What is the greatest common factor of u and g?
12
Let t = 8 + 8. Let a be 2*(-4)/(8/(-3)). Let l be 8*(-3)/(a*-2). Calculate the greatest common divisor of t and l.
4
Suppose -2*z = -2 - 20. What is the highest common divisor of z and 99?
11
Suppose -4*t = -5*j - 3*t - 51, 5*j + 54 = 4*t. Let x = j + 24. Calculate the highest common factor of x and 21.
7
Let g = -15 + -5. Let y be (-634)/(-10) + 8/g. Suppose -45 = -4*f + y. What is the greatest common factor of 3 and f?
3
Suppose 0*m + 4*m = 36. Let p(g) = -g + 13. Let x be p(m). Suppose x = i + 3*i. What is the highest common factor of 8 and i?
1
Suppose 17 = -0*m + m. What is the highest common divisor of 34 and m?
17
Suppose 0 = -4*w + 16 - 4. What is the highest common divisor of 12 and w?
3
Let v = 50 + -37. What is the greatest common divisor of v and 13?
13
Suppose -2*j = 2*j - 300. Calculate the greatest common divisor of j and 45.
15
Suppose -4*z - 5*b = -59, 5*z = 4*b - 5*b + 58. Let w be ((-27)/(-6))/(2/44). What is the highest common divisor of w and z?
11
Let k = -13 + 30. Let o(r) = -8*r**3 - 4*r**2 - 3*r - 2. Let c be 3/(0 + -1 + 0). Let d be o(c). What is the greatest common divisor of d and k?
17
Suppose -b = -5*f - 21, 12 = b - f - 5. Calculate the highest common factor of b and 48.
16
Let m be (-6)/18 - (-632)/6. What is the greatest common divisor of m and 15?
15
Let x(o) = o**2 - 2*o + 3. Let r be x(0). What is the greatest common divisor of r and 24?
3
Let c = 49 - 39. Calculate the greatest common divisor of 90 and c.
10
Let o be (29 - 1) + 2/(-1). Suppose -j - o = -3*j. Suppose 4*v - 76 = 4*t - 12, 3*v - 2*t - 45 = 0. Calculate the greatest common factor of j and v.
13
Suppose -3*y + 16 = -p, 3*y - 5*p + 17 = 49. Calculate the highest common divisor of 4 and y.
4
Let d = 62 - 43. Let z(q) = 2*q**2 + 9*q - 18. Let j be z(-8). What is the greatest common factor of d and j?
19
Let s(l) = l - 2. Let q be s(10). Let u(h) = 3*h**3 - 2*h**2 - 2*h + 3. Let p be u(2). Suppose -k + p = 7. Calculate the highest common divisor of q and k.
8
Suppose 148*w = 152*w - 120. What is the highest common divisor of w and 210?
30
Let l be 2/((-94)/(-90) + -1). Calculate the highest common factor of 18 and l.
9
Let k(r) = r**2 - 2. Let c be k(2). Let j be (-10 + 12)/(c/10). What is the greatest common divisor of j and 70?
10
Let z be (-1540)/66*((-1)/5 - 1). Let h(s) = s**3 - 3*s**2 - 3*s - 6. Let l be h(6). What is the greatest common divisor of l and z?
28
Let j be -16*-14*(-15)/(-40). Calculate the greatest common factor of 12 and j.
12
Suppose -11*d + 2*s = -14*d + 64, -s = -3*d + 76. Calculate the greatest common divisor of d and 3.
3
Let u be (-152)/(-5) + 2/(-5). Suppose 5*a = 7*v - 2*v - u, -a + 5 = 0. Suppose 5*t - 164 = v. Calculate the highest common factor of 5 and t.
5
Suppose 0*w + w = 0, 3*w - 124 = 2*a. Let d = -20 - a. Calculate the greatest common factor of 63 and d.
21
Let c be (0/5 + 3)/(6/4). Let b(m) = 3*m**3 + m**2 + m. Let i be b(-1). Let g be (-38)/i + 10/(-15). Calculate the highest common factor of c and g.
2
Let p = -23 - -28. What is the greatest common factor of p and 1?
1
Let r(h) = 10*h**2 + 3*h + 1. Let l be r(3). Let b = 8 + 12. What is the greatest common factor of b and l?
20
Suppose 205 = 7*s - 2*s. Let a = -22 + s. Calculate the greatest common divisor of 19 and a.
19
Let y(r) = 24*r - 18. Let f be y(2). Calculate the greatest common factor of f and 120.
30
Let s be (2 + -1)*7/(-1). Let t = s - -12. Calculate the greatest common divisor of t and 20.
5
Let d be 0/(-1) - 6/(-2). Let x be d/12 - 115/(-20). Calculate the highest common factor of x and 18.
6
Let s(f) = f + 5. Let t be s(-6). Let i = 3 + t. Let r = 0 + 6. Calculate the greatest common divisor of i and r.
2
Suppose 2*o - 5*o = 111. Let u = o + 76. What is the highest common divisor of u and 26?
13
Let i(p) = -7*p - 10. Let x be i(-12). What is the highest common factor of x and 37?
37
Suppose -s + 4*a = -24, 3*a = -5*s + 2*a + 36. What is the greatest common divisor of 88 and s?
8
Let w(r) = -3*r + 15. Let j be w(-6). Suppose 9*a = 4*a + 20, 3*b + 2*a = 26. Let f = b + -3. Calculate the greatest common divisor of j and f.
3
Let f = 81 - -7. Calculate the greatest common divisor of 8 and f.
8
Suppose 2*z - l = 4*l + 56, 161 = 5*z - 2*l. Suppose -2*a - 5*m + 44 = 7, 59 = 4*a + 5*m. Calculate the highest common divisor of a and z.
11
Let s(i) = -i**3 - 3*i**2 + 5*i + 3. Suppose 4*z + 21 = -r, 5*z - r + 4 = 4*z. Let u be s(z). What is the highest common factor of u and 14?
14
Let z = 136 - 55. Let l be (z/2)/((-1)/(-2)). Suppose -6*r + r - 4*i = -l, -r - i = -17. What is the highest common divisor of 52 and r?
13
Let n(r) = 59*r + 7. Let k(h) = -88*h - 10. Let b(o) = 5*k(o) + 7*n(o). Let v be b(-1). What is the highest common divisor of v and 13?
13
Suppose 142 = k + 72. Calculate the greatest common factor of 10 and k.
10
Suppose 5*r = m - 27, -m + 0*m - 5*r - 23 = 0. Suppose -m*o = b + 17 - 104, -4*o + b + 177 = 0. Let d = 12 - 1. What is the greatest common factor of o and d?
11
Let q(x) = 3*x**2 + x - 1. Let u be q(1). Suppose 0*z - 69 = -u*z. Calculate the highest common divisor of 115 and z.
23
Let s = 279 - 144. Suppose v = -0*v + 2. Suppose j = -v*j + s. Calculate the greatest common divisor of 15 and j.
15
Suppose 0 = -3*o - 0*o + 24. What is the highest common factor of o and 40?
8
Let m(x) = x**3 + 3*x**2 + x - 3. Let d be m(-4). Let q = 26 + d. Calculate the highest common factor of q and 24.
3
Let s = 41 - 21. Let c = -13 + 18. Calculate the highest common factor of s and c.
5
Suppose r - 32 = -2*i, 2*i = 5*r - 2*r + 16. Let h(w) = -w**3 - w**2 - 2*w - 1. Let z be h(-2). What is the greatest common factor of i and z?
7
Let m(z) = -2*z - 2. Let y be m(-8). What is the highest common factor of 14 and y?
14
Let c = -6 + -5. Let l = 28 + c. Calculate the greatest common divisor of 68 and l.
17
Let s(r) = -r**3 + 5*r**2 + r - 4. Let h be s(3). Let q = -136 - -238. Let f = -68 + q. What is the highest common divisor of h and f?
17
Let d be 132/(-20) + 6/(-15). Let j be (-17)/51 - d/3. What is the highest common divisor of j and 3?
1
Suppose q - 9 = -t, 0 = -q + t + 2 + 5. Calculate the greatest common divisor of 64 and q.
8
Suppose -27*q - 70 = -34*q. Let a = 2 - -1. Suppose -171 = -a*j + 69. What is the greatest common divisor of q and j?
10
Let k = -6 - -13. Let u be (16/(-56))/((-1)/k). Calculate the greatest common divisor of u and 1.
1
Suppose 6*g - 47 = 25. What is the greatest common divisor of 36 and g?
12
Let w = -15 + 15. Suppose 3*y + y - 56 = w. Let x = -7 + 14. Calculate the highest common divisor of y and x.
7
Suppose -3*z = -0*z. Let m(l) = l**3 - 12*l**2 - 3*l + 6. Let a be m(13). Suppose z*y - a = -4*y. What is the greatest common divisor of 17 and y?
17
Let d(q) = -q**3 + 2*q**2 - q + 4. Let l be d(-4). Suppose p + 4*o + 3 = 0, 17*p - 47 = 14*p + 2*o. What is the highest common divisor of p and l?
13
Let l be 58/(-6) + 2/(-6). Let j(v) = v**3 + 16*v**2 + 17*v + 14. Let u be j(-15). Let f = l - u. What is the highest common divisor of 15 and f?
3
Let t = -14 + 259. Suppose 0 = -20*u + 25*u - t. Let b(f) = -f**3 - 4*f**2 - f + 3. Let k be b(-4). Calculate the highest common factor of u and k.
7
Le